onvert -6 (base 9) to base 13.
-6
1001 (base 3) to base 9
31
Convert 24 (base 5) to base 11.
13
What is -110011 (base 2) in base 14?
-39
What is -21 (base 9) in base 2?
-10011
What is -70 (base 10) in base 4?
-1012
Convert 5 (base 16) to base 13.
5
Convert 1 (base 15) to base 5.
1
What is 107 (base 9) in base 12?
74
Convert 3 (base 13) to base 6.
3
-3 (base 7) to base 3
-10
Convert 1 (base 12) to base 9.
1
Convert 0 (base 8) to base 4.
0
52 (base 9) to base 3
1202
What is -140 (base 9) in base 16?
-75
Convert 4 (base 5) to base 12.
4
What is -1 (base 2) in base 4?
-1
What is 7 (base 10) in base 12?
7
Convert -8a (base 15) to base 10.
-130
What is -6f (base 16) in base 12?
-93
Convert 49 (base 13) to base 8.
75
What is 22 (base 3) in base 16?
8
Convert 1 (base 11) to base 10.
1
What is -101000 (base 2) in base 10?
-40
57 (base 13) to base 9
80
What is 39 (base 10) in base 8?
47
What is -11000 (base 2) in base 15?
-19
Convert 7 (base 16) to base 6.
11
What is 2 (base 10) in base 13?
2
1 (base 13) to base 4
1
What is 6 (base 7) in base 9?
6
112 (base 3) to base 9
15
What is 2f (base 16) in base 10?
47
-36 (base 7) to base 10
-27
What is -110110 (base 2) in base 5?
-204
What is 12011 (base 3) in base 5?
1024
8 (base 15) to base 7
11
What is -54 (base 7) in base 13?
-30
-1111 (base 5) to base 7
-312
Convert -2 (base 10) to base 4.
-2
What is 56 (base 10) in base 7?
110
13 (base 15) to base 7
24
10 (base 12) to base 6
20
Convert 0 (base 10) to base 8.
0
What is -1 (base 15) in base 9?
-1
Convert 1100 (base 2) to base 8.
14
0 (base 14) to base 15
0
Convert 8 (base 16) to base 3.
22
1 (base 12) to base 13
1
-22 (base 3) to base 12
-8
What is -6 (base 12) in base 9?
-6
Convert -2 (base 14) to base 2.
-10
What is -152 (base 8) in base 16?
-6a
Convert -3311 (base 4) to base 11.
-203
Convert 4 (base 14) to base 16.
4
Convert 59 (base 16) to base 15.
5e
What is 19 (base 11) in base 8?
24
Convert -124 (base 6) to base 2.
-110100
Convert -109 (base 12) to base 8.
-231
Convert -146 (base 7) to base 10.
-83
Convert 0 (base 12) to base 8.
0
What is 1f (base 16) in base 10?
31
What is -2 (base 7) in base 2?
-10
Convert 22 (base 15) to base 9.
35
Convert -d (base 14) to base 3.
-111
Convert -20 (base 3) to base 15.
-6
-2000 (base 3) to base 15
-39
462 (base 7) to base 10
240
Convert -4 (base 5) to base 11.
-4
14 (base 11) to base 5
30
Convert -53 (base 16) to base 7.
-146
What is 2 (base 16) in base 14?
2
What is 1000 (base 2) in base 9?
8
-278 (base 12) to base 3
-112002
Convert 34 (base 11) to base 5.
122
What is -a5 (base 14) in base 7?
-265
Convert -2 (base 8) to base 9.
-2
What is 22 (base 8) in base 14?
14
Convert 110000 (base 2) to base 11.
44
What is -350 (base 8) in base 10?
-232
Convert 3 (base 4) to base 8.
3
What is -3a (base 11) in base 2?
-101011
Convert 2 (base 12) to base 7.
2
Convert 6f (base 16) to base 11.
a1
Convert 12 (base 4) to base 5.
11
-1 (base 3) to base 4
-1
0 (base 14) to base 11
0
-65 (base 16) to base 3
-10202
Convert 344 (base 8) to base 2.
11100100
What is 11 (base 12) in base 11?
12
What is -61 (base 10) in base 6?
-141
What is 1113 (base 4) in base 10?
87
-212 (base 3) to base 5
-43
441 (base 5) to base 9
144
What is -2 (base 10) in base 8?
-2
-6 (base 15) to base 8
-6
What is -5 (base 8) in base 6?
-5
-9 (base 12) to base 7
-12
332 (base 5) to base 2
1011100
Convert -4 (base 5) to base 10.
-4
What is 1 (base 15) in base 10?
1
Convert 1100 (base 3) to base 10.
36
Convert -11000010 (base 2) to base 15.
-ce
Convert 161 (base 10) to base 7.
320
-222 (base 7) to base 16
-72
Convert 101 (base 2) to base 11.
5
What is -101100 (base 2) in base 6?
-112
-3 (base 12) to base 13
-3
What is -100 (base 9) in base 7?
-144
3 (base 15) to base 8
3
What is -8 (base 12) in base 16?
-8
Convert -1 (base 12) to base 2.
-1
Convert 10 (base 16) to base 13.
13
-a5 (base 15) to base 12
-10b
-53 (base 8) to base 7
-61
Convert -1 (base 5) to base 3.
-1
What is 3 (base 8) in base 14?
3
Convert a (base 16) to base 11.
a
What is 1 (base 6) in base 3?
1
111 (base 2) to base 12
7
What is 15 (base 12) in base 11?
16
Convert 10 (base 11) to base 12.
b
What is 10e (base 15) in base 6?
1035
31 (base 8) to base 15
1a
Convert -3 (base 15) to base 14.
-3
What is -c5 (base 13) in base 11?
-137
Convert 221 (base 3) to base 4.
121
22110 (base 3) to base 13
147
31 (base 4) to base 13
10
What is -4 (base 15) in base 2?
-100
What is 1 (base 9) in base 15?
1
-10000 (base 2) to base 6
-24
Convert 157 (base 12) to base 15.
e1
-1 (base 11) to base 5
-1
3 (base 15) to base 9
3
What is -430 (base 5) in base 16?
-73
What is 15 (base 7) in base 14?
c
What is 4 (base 15) in base 9?
4
What is 29 (base 10) in base 9?
32
Convert 30 (base 12) to base 10.
36
What is 10 (base 8) in base 16?
8
-b (base 14) to base 2
-1011
10010111 (base 2) to base 3
12121
What is -45 (base 11) in base 4?
-301
Convert -415 (base 10) to base 4.
-12133
Convert -83 (base 11) to base 9.
-111
Convert 2021 (base 3) to base 15.
41
5 (base 14) to base 12
5
Convert 54 (base 6) to base 13.
28
31 (base 5) to base 11
15
What is 1312 (base 6) in base 10?
332
Convert 43 (base 6) to base 16.
1b
-98 (base 11) to base 2
-1101011
-57 (base 16) to base 9
-106
-10 (base 5) to base 14
-5
What is 1 (base 6) in base 14?
1
What is 387 (base 9) in base 16?
142
-11 (base 2) to base 4
-3
Convert 40 (base 11) to base 7.
62
165 (base 7) to base 12
80
-3 (base 11) to base 10
-3
-6 (base 9) to base 6
-10
21020 (base 3) to base 15
d0
Convert -2 (base 7) to base 2.
-10
-11 (base 9) to base 6
-14
12 (base 3) to base 10
5
Convert 11 (base 2) to base 16.
3
What is -1110 (base 2) in base 13?
-11
Convert -53 (base 9) to base 15.
-33
224 (base 11) to base 2
100001100
Convert 2 (base 12) to base 9.
2
20 (base 14) to base 15
1d
Convert 12 (base 15) to base 10.
17
Convert -120 (base 4) to base 10.
-24
What is 1c (base 14) in base 15?
1b
Convert 1a (base 16) to base 3.
222
1a (base 13) to base 15
18
What is 1021 (base 3) in base 6?
54
What is 60 (base 7) in base 11?
39
What is 25 (base 6) in base 10?
17
What is 20 (base 6) in base 11?
11
-3 (base 12) to base 7
-3
What is 61 (base 9) in base 5?
210
Convert -103 (base 6) to base 14.
-2b
Convert 1101 (base 2) to base 6.
21
a (base 11) to base 10
10
What is 4 (base 6) in base 4?
10
What is -4 (base 12) in base 4?
-10
What is 0 (base 11) in base 16?
0
What is 132 (base 5) in base 8?
52
Convert -7 (base 9) to base 10.
-7
-c (base 15) to base 2
-1100
3 (base 9) to base 5
3
What is -55 (base 15) in base 12?
-68
Convert 5 (base 12) to base 3.
12
What is -1000000 (base 2) in base 6?
-144
100000000 (base 2) to base 15
121
-53 (base 10) to base 2
-110101
What is -76 (base 9) in base 13?
-54
What is 5 (base 13) in base 16?
5
What is 100110 (base 2) in base 12?
32
Convert -10 (base 7) to base 11.
-7
Convert -7 (base 15) to base 13.
-7
Convert -8 (base 11) to base 10.
-8
0 (base 14) to base 15
0
24 (base 16) to base 4
210
What is 13 (base 6) in base 8?
11
What is 1 (base 4) in base 11?
1
Convert 8 (base 12) to base 10.
8
What is 4 (base 9) in base 5?
4
Convert -1 (base 16) to base 5.
-1
12120 (base 3) to base 5
1100
Convert -7 (base 12) to base 15.
-7
36 (base 11) to base 8
47
8 (base 15) to base 8
10
What is 414 (base 5) in base 16?
6d
-10 (base 3) to base 12
-3
63 (base 7) to base 4
231
Convert -12 (base 15) to base 8.
-21
Convert 7 (base 15) to base 4.
13
294 (base 12) to base 6
1504
-38 (base 11) to base 9
-45
What is -10 (base 8) in base 16?
-8
Convert 49 (base 11) to base 4.
311
Convert 0 (base 9) to base 3.
0
-3 (base 15) to base 10
-3
Convert -11 (base 9) to base 12.
-a
24 (base 10) to base 4
120
What is -8c (base 13) in base 12?
-98
11111101 (base 2) to base 10
253
0 (base 5) to base 13
0
Convert -2 (base 6) to base 15.
-2
What is -24 (base 6) in base 14?
-12
What is 1110 (base 3) in base 12?
33
What is 13 (base 5) in base 11?
8
What is -100 (base 2) in base 6?
-4
100 (base 7) to base 11
45
Convert -2 (base 14) to base 7.
-2
What is -4a (base 11) in base 10?
-54
What is 5 (base 10) in base 8?
5
Convert -30 (base 7) to base 16.
-15
Convert 102 (base 3) to base 2.
1011
0 (base 4) to base 14
0
10 (base 4) to base 7
4
-ae (base 16) to base 7
-336
What is 1110101 (base 2) in base 16?
75
-b (base 15) to b